 -2*q + v = -0*q. What is the tens digit of q?
1
Let w(b) = b**3 - b + 7. What is the units digit of w(0)?
7
Let a(z) = -2*z**2 + 7*z + 7. Let s = 0 + 6. Let q be a(s). Let x = -14 - q. What is the units digit of x?
9
Let k(b) = 4*b**3 - b**2 - b + 1. Let c be k(1). What is the units digit of c + -5 - (-5 + 2)?
1
Suppose 8 = -4*w, -3*w + 29 = 3*q - 4*w. Let r = q + 1. What is the units digit of r?
0
Let a(y) = y**3 + 6*y**2 - 7*y + 5. Let n be a(-7). Suppose 2*k + 0*k - 6 = 0. Suppose -18 = k*i - n*i. What is the units digit of i?
9
Let u be 6 - (0 - 4 - -2). Let i(a) = -a + 2. Let z be i(u). Let w = 3 - z. What is the units digit of w?
9
Suppose 296 = 4*g - 2*u, -g - 2*u + 75 + 9 = 0. What is the tens digit of g?
7
Suppose -2*f - 2*f = -112. Suppose 5*t - f = z, 27 = 2*t + t - 4*z. What is the units digit of 21 + (-6)/(t - 2)?
9
Let c be 1/(1/13*-1). Let m = -3 - c. Suppose 0 = 2*w + m, 0 = 3*o - 2*w - 3*w - 46. What is the units digit of o?
7
Suppose 24 = -3*y + o, -6*y - 2*o - 33 = -3*y. Let n(l) = -l**3 - 10*l**2 - 10*l + 6. What is the units digit of n(y)?
5
Let w(c) = -c**3 - 2*c**2 + 3*c + 4. Let o be w(-3). Suppose v - 3*t = -1, -o*v - 5*t = 1 - 48. What is the units digit of v?
8
Suppose -85 - 525 = -5*y. What is the units digit of y?
2
Suppose -4*u + 522 = -u. What is the tens digit of u?
7
Suppose 3*y = -0*y + 9. Let l(k) = -k**3 + 3*k**2 + k + 1. Let a be l(y). Suppose 4*c + a*n - 21 = 7, 0 = 2*n. What is the units digit of c?
7
Suppose 7*j = 2*j + 270. Suppose 4*b + 4*f = 76, -4*b - j = -7*b - 4*f. What is the units digit of b?
2
Let j = 4 + -6. Let m(y) = y**3 + 2*y**2 + y - 1. Let a be m(j). Let g(z) = -3*z - 3. What is the units digit of g(a)?
6
Let n(j) = -6*j**3 + j**2 - 2*j + 1. Let k be n(1). Let o = k - -8. What is the units digit of o?
2
Suppose -3*t + 5*t + 2*o = 392, -4*o - 609 = -3*t. What is the hundreds digit of t?
1
Let h = 9 - 6. Suppose 6*v - h = 3*v. What is the units digit of v?
1
Let r be 7/3 + (-6)/(-9). Suppose 0*k = -r*l - k + 8, -2*l - 4*k = -12. What is the units digit of l?
2
Suppose 4*u + 7 - 57 = -2*v, 0 = v - 5*u - 46. What is the units digit of v?
1
Let m(a) = 2*a**3 - 2*a**2 - 5*a + 10. What is the tens digit of m(3)?
3
What is the tens digit of -5*(62/(-10) + 1)?
2
Suppose 0*u - 3*n = u, 5*n = u. Let w = u + 10. What is the units digit of w?
0
Let t = -10 + 13. What is the units digit of t?
3
What is the units digit of (6/10)/((-4)/5 - -1)?
3
What is the units digit of ((-2)/(-6))/(23/345)?
5
Let w(q) = 2*q - 10. Let r be w(7). Suppose 0 = -x - 1, -4*c + x + 25 = r*x. Let y(j) = -j**2 + 7*j + 7. What is the units digit of y(c)?
7
Let k(r) = r**2 - r - 4. Let w be k(3). Let z(x) = 3 - 5 + 6 + 4*x + x**w. What is the units digit of z(-5)?
9
Let x = -4 - -6. Let v = -2 + x. Suppose v*b - 21 = -3*b. What is the units digit of b?
7
Suppose -3*t + g = -6, -t - 4*t + 3*g + 6 = 0. Suppose -3*n - i - 44 = -6*n, 5*i = t*n - 52. What is the units digit of n?
4
Suppose 4*r + 6 - 26 = 0. Let o be (9/6)/((-3)/(-34)). Let t = o - r. What is the units digit of t?
2
Suppose -o = -6*o + 465. What is the tens digit of o?
9
Let t(s) = -s**3 + 2*s**2 + 4*s + 1. Let a be t(-3). Suppose 11 = p + 2*r + 2, -r = -3*p + a. What is the tens digit of p?
1
Suppose -3*j - 2*j + 75 = 0. Let o = j + 4. What is the units digit of o?
9
What is the tens digit of (-10)/(-15)*-3 - -283?
8
Suppose -71 = -5*x - 6. Let c = x - -4. What is the units digit of c?
7
Suppose -14 = -3*n - 2*i - 6, -5*n - 2*i + 20 = 0. Let y = n + -4. Suppose 2*l + y = 6. What is the units digit of l?
2
Let f(m) = -m**3 + 11*m**2 + m - 10. Let q be 12 + -2 - (0 + -1). Let d be f(q). Suppose 1 + d = c. What is the units digit of c?
2
Let r = -6 - -13. What is the units digit of r?
7
Let i(l) = 9*l**2 + 1. Let j = -3 - -5. Suppose 0 = j*g - 0*g - 2. What is the tens digit of i(g)?
1
Let t(i) = -18*i + 39*i - 8 - 18*i. Let d = -4 - -12. What is the units digit of t(d)?
6
Let x(b) = b**2 + 8*b + 8. Let s be x(-8). Suppose -3*l = -2*k + 21 - s, 0 = 3*l + 9. Suppose -k*y + 13 = -5. What is the units digit of y?
9
Suppose -8*s + 112 = -4*s. What is the tens digit of s?
2
Suppose -2*x - 27 - 5 = 0. Let u = x + 39. What is the units digit of u?
3
Let b = 58 + -27. What is the tens digit of b?
3
Let w = 143 - -95. What is the hundreds digit of w?
2
Suppose 0 = -v + 9*v - 112. What is the units digit of v?
4
Suppose 3*w = w + 2. Let a be -7 + w + (-1)/1. Let g = a + 20. What is the tens digit of g?
1
Suppose -5*r - 135 = -8*r. Suppose -r = l - 4*l. What is the tens digit of l?
1
Suppose 2*x - 4*h + 4 = 0, 0*x + x = -5*h - 9. Let u = -4 - x. Suppose -2*c - c + 15 = u. What is the units digit of c?
5
Let u = 611 + -435. What is the units digit of u?
6
Suppose 2*k - 11 = 11. Let j(n) = n**3 - 10*n**2 - 11*n + 11. What is the units digit of j(k)?
1
Let z(n) = -3 - n - 5 + 4 - 1. What is the units digit of z(-10)?
5
Suppose 0 = -3*r - 4*w + 752, -2*r + 5*w + 1300 = 3*r. What is the units digit of r?
6
Let h = -87 + 137. Suppose -h = -6*l + 70. What is the tens digit of l?
2
Let j = -38 - -54. Suppose 0*r + j = 2*r. What is the units digit of r?
8
Suppose -2*h + 2 = -0*h. Suppose -4*f - h - 3 = 0. Let m = f + 2. What is the units digit of m?
1
Let f(k) = -4*k**2 + 2*k + 2. Let q(a) = -5*a**2 + 2*a + 2. Let n(p) = -4*f(p) + 3*q(p). What is the units digit of n(-3)?
3
Suppose -169 - 255 = -8*h. What is the tens digit of h?
5
Suppose 5*f = 2*j, -5*j + 54 = 2*f - f. Let i = j + -2. What is the units digit of i?
8
Let r = 6 + -6. Suppose 2*d - 4 = -4*z - r*z, 3*d + z = 6. Suppose d*y - 4*i = 7*y - 45, -4*y = -i - 57. What is the tens digit of y?
1
Suppose -2*v + 5*q = -7*v + 450, -2*q + 85 = v. What is the tens digit of v?
9
Suppose 0 = 3*v, -2*p - 3*v + 10 = v. Suppose -7 - 3 = -5*y. Suppose -p*i + y = -48. What is the tens digit of i?
1
Let d(q) = -q - 3. Let o be d(-5). Let f be o - -1*0/(-1). Suppose 0 = -0*m - f*m + 6. What is the units digit of m?
3
Suppose 5*i = -4*o + 14 - 3, -3*i - 2*o + 7 = 0. Suppose -2*b + 9 = -i*b. Let c = -3 - b. What is the units digit of c?
6
Let l = -13 + 49. Suppose -5*k + j + 44 = -2*j, -5*j - l = -3*k. What is the units digit of k?
7
Let x = 250 - 79. What is the hundreds digit of x?
1
Suppose -3*d = -13*d + 1180. What is the tens digit of d?
1
What is the tens digit of (-2)/5 - 1296/(-40)?
3
Let z(b) = -b**2 - 7*b. Let y be z(-7). Suppose -x + 6*x - 115 = y. What is the units digit of x?
3
Let c(v) = -v**2 - 2*v + 5. Let h be c(-3). Suppose h*m = -2*m + 4. What is the units digit of m?
1
Let l(d) = -11*d**2 + 1. Suppose 2*m + 3*m + 5 = 0. Let o be l(m). Let q = 12 + o. What is the units digit of q?
2
Suppose 0*s = s - 34. What is the tens digit of s?
3
Let g be (-8)/6*18/(-12). Suppose g*n - 61 = -15. What is the tens digit of n?
2
Suppose 4*z - 93 = -3*l, 48 = 2*l - 5*z + 9. Suppose -h = 0, -2*u + l = u + 4*h. What is the units digit of (3/(-9))/((-1)/u)?
3
Let w be (3 - 1) + -3 - -3. What is the tens digit of ((-1)/w)/((-10)/300)?
1
Let c(x) = x**3 + 5*x**2 + x - 1. Let a(p) = p**3 - 4*p**2 + 2*p. Let f be a(2). What is the units digit of c(f)?
1
Suppose -2*c = c - 12. Let a = -1 + 7. What is the units digit of a/(1 + 2/c)?
4
Suppose -d = 2*x - 2, -5*x - 3*d + 2 = d. Suppose -x*z = 2*z. Suppose -q + 4 = 2*m, -q + z*q + 3 = m. What is the units digit of q?
2
Suppose 2*t - 6*t + 56 = 0. What is the tens digit of t?
1
What is the tens digit of ((-19)/(-4))/((-13)/(-52))?
1
Suppose -5*o - 5*a = 1 - 26, -7 = -5*o + a. Suppose -10 = -o*y, 3*y + 10 = -5*x + 7*y. Suppose -x*b + 5*b - 6 = 0. What is the units digit of b?
2
Let d(u) = -4*u - 2. Let p be d(-2). Suppose f - p*f + 20 = 0. Suppose -3*z = -4*c + 23, 4*c - 21 = 5*z - f. What is the units digit of c?
8
Let b = -6 - -9. Suppose -b*i - 68 = -5*k, -1 = 2*i - i. What is the units digit of k?
3
Suppose 0 = -t + 6. Suppose t = u + 2*u. Let a(x) = x**2 + x. What is the units digit of a(u)?
6
Let a(l) = l**3 + l + 1. Let b(c) = -24*c**3 - 7*c - 7. Let x(w) = 6*a(w) + b(w). Let z be x(-1). Let f = z + -12. What is the units digit of f?
6
Suppose 4*x + 4*t = 336, 2*x - 8*t - 188 = -5*t. What is the tens digit of x?
8
Let z(b) be the first derivative of b**4/4 + 3*b**3 + 7*b**2/2 + 2*b + 1. Let y be z